{"id":11561,"date":"2021-07-08T13:51:44","date_gmt":"2021-07-08T10:51:44","guid":{"rendered":"https:\/\/www.inprint.md\/?post_type=product&#038;p=11561"},"modified":"2026-05-14T11:23:13","modified_gmt":"2026-05-14T08:23:13","slug":"cameo-4-tool-adapt-set","status":"publish","type":"product","link":"https:\/\/www.inprint.md\/rou\/product\/cameo-4-tool-adapt-set\/","title":{"rendered":"Set de adaptoare pentru cutite Cameo4 TOOL-ADAPT-SET"},"content":{"rendered":"","protected":false},"excerpt":{"rendered":"<p><span style=\"font-weight: bold;\">Cod furnizor<\/span><span style=\"font-weight: normal;\">: TOOL-ADAPT-SET<\/span><span style=\"font-weight: bold;\"><br \/>In set<\/span>: 4 adaptoare care v\u0103 permit s\u0103 utiliza\u021bi instrumentele Silhouette de la plotere de t\u0103iere anterioare<br \/><span style=\"font-weight: bold;\">Negru<\/span>: Lam\u0103 standard SILH-BLADE-3-3T<br \/><span style=\"font-weight: bold;\">Gri<\/span>: Cu\u021bit premium SILH-BLADE-PREM, cu\u021bit pentru t\u0103iere ad\u00e2nc\u0103 SILH-BLADE-DEEP, cu\u021bit pentru p\u00e2nz\u0103 SILH-BLADE-FAB-3T<br \/><span style=\"font-weight: bold;\">Albastru<\/span>: Pixuri cu gel, suport pentru pix<br \/><span style=\"font-weight: bold;\">Alb<\/span>: Cu\u021bit de artizanat<br \/><span style=\"font-weight: bold;\">Potrivit pent<\/span>ru: <span style=\"background-color: #ffffff;color: #333333;font-family: Aptos Narrow;font-size: 12pt;font-style: normal;font-weight: normal;line-height: 1.15;text-align: left;\">Silhouette Cameo 4, Plus, Pro\/ Cameo 5, Plus\/ Cameo Pro MK-ll\/ Portrait 3\/ Portrait 4\/ Curio 2<\/span><\/p>\n","protected":false},"featured_media":11562,"comment_status":"open","ping_status":"closed","template":"","meta":[],"product_brand":[],"product_cat":[82],"product_tag":[893,908],"class_list":{"0":"post-11561","1":"product","2":"type-product","3":"status-publish","4":"has-post-thumbnail","6":"product_cat-zip","7":"product_tag-cameo-4","8":"product_tag-silhouette","10":"first","11":"instock","12":"shipping-taxable","13":"purchasable","14":"product-type-simple"},"_links":{"self":[{"href":"https:\/\/www.inprint.md\/rou\/wp-json\/wp\/v2\/product\/11561","targetHints":{"allow":["GET"]}}],"collection":[{"href":"https:\/\/www.inprint.md\/rou\/wp-json\/wp\/v2\/product"}],"about":[{"href":"https:\/\/www.inprint.md\/rou\/wp-json\/wp\/v2\/types\/product"}],"replies":[{"embeddable":true,"href":"https:\/\/www.inprint.md\/rou\/wp-json\/wp\/v2\/comments?post=11561"}],"wp:featuredmedia":[{"embeddable":true,"href":"https:\/\/www.inprint.md\/rou\/wp-json\/wp\/v2\/media\/11562"}],"wp:attachment":[{"href":"https:\/\/www.inprint.md\/rou\/wp-json\/wp\/v2\/media?parent=11561"}],"wp:term":[{"taxonomy":"product_brand","embeddable":true,"href":"https:\/\/www.inprint.md\/rou\/wp-json\/wp\/v2\/product_brand?post=11561"},{"taxonomy":"product_cat","embeddable":true,"href":"https:\/\/www.inprint.md\/rou\/wp-json\/wp\/v2\/product_cat?post=11561"},{"taxonomy":"product_tag","embeddable":true,"href":"https:\/\/www.inprint.md\/rou\/wp-json\/wp\/v2\/product_tag?post=11561"}],"curies":[{"name":"wp","href":"https:\/\/api.w.org\/{rel}","templated":true}]}}