{"id":18407,"date":"2022-10-11T14:58:49","date_gmt":"2022-10-11T11:58:49","guid":{"rendered":"https:\/\/www.inprint.md\/?post_type=product&#038;p=18407"},"modified":"2026-01-15T09:20:46","modified_gmt":"2026-01-15T07:20:46","slug":"faux-rhinestone-transfer-sheet-happy-birthday-9-56cm","status":"publish","type":"product","link":"https:\/\/www.inprint.md\/rou\/product\/faux-rhinestone-transfer-sheet-happy-birthday-9-56cm\/","title":{"rendered":"Folie cu strasuri termoadezive desen HAPPY BIRTHDAY (9.5*6cm)"},"content":{"rendered":"","protected":false},"excerpt":{"rendered":"<p><span style=\"font-weight: bold;\">Tip<\/span><span style=\"font-weight: normal;\">: Folie cu strasuri termoadezive desen HAPPY BIRTHDAY<\/span><span style=\"font-weight: bold;\"><br \/>Dimensiune<\/span>: 9.5*6 \u0441m<br \/><span style=\"font-weight: bold;\">Material<\/span>: Strasuri decorative<br \/><span style=\"font-weight: bold;\">Model<\/span>: HAPPY BIRTHDAY<br \/><span style=\"font-weight: bold;\">Set\u0103ri de imprimare<\/span>: 110C \/ 30 secunde. Substratul se separa dup\u0103 r\u0103cirea complet\u0103.<\/p>\n","protected":false},"featured_media":18408,"comment_status":"open","ping_status":"closed","template":"","meta":[],"product_brand":[],"product_cat":[75],"product_tag":[],"class_list":{"0":"post-18407","1":"product","2":"type-product","3":"status-publish","4":"has-post-thumbnail","6":"product_cat-othe","8":"first","9":"instock","10":"shipping-taxable","11":"purchasable","12":"product-type-simple"},"_links":{"self":[{"href":"https:\/\/www.inprint.md\/rou\/wp-json\/wp\/v2\/product\/18407","targetHints":{"allow":["GET"]}}],"collection":[{"href":"https:\/\/www.inprint.md\/rou\/wp-json\/wp\/v2\/product"}],"about":[{"href":"https:\/\/www.inprint.md\/rou\/wp-json\/wp\/v2\/types\/product"}],"replies":[{"embeddable":true,"href":"https:\/\/www.inprint.md\/rou\/wp-json\/wp\/v2\/comments?post=18407"}],"wp:featuredmedia":[{"embeddable":true,"href":"https:\/\/www.inprint.md\/rou\/wp-json\/wp\/v2\/media\/18408"}],"wp:attachment":[{"href":"https:\/\/www.inprint.md\/rou\/wp-json\/wp\/v2\/media?parent=18407"}],"wp:term":[{"taxonomy":"product_brand","embeddable":true,"href":"https:\/\/www.inprint.md\/rou\/wp-json\/wp\/v2\/product_brand?post=18407"},{"taxonomy":"product_cat","embeddable":true,"href":"https:\/\/www.inprint.md\/rou\/wp-json\/wp\/v2\/product_cat?post=18407"},{"taxonomy":"product_tag","embeddable":true,"href":"https:\/\/www.inprint.md\/rou\/wp-json\/wp\/v2\/product_tag?post=18407"}],"curies":[{"name":"wp","href":"https:\/\/api.w.org\/{rel}","templated":true}]}}