{"id":20573,"date":"2023-02-15T13:27:19","date_gmt":"2023-02-15T11:27:19","guid":{"rendered":"https:\/\/www.inprint.md\/?post_type=product&#038;p=20573"},"modified":"2026-04-21T14:18:27","modified_gmt":"2026-04-21T11:18:27","slug":"large-format-scanner-graphtec-csx550","status":"publish","type":"product","link":"https:\/\/www.inprint.md\/rou\/product\/large-format-scanner-graphtec-csx550\/","title":{"rendered":"Scaner de format mare Graphtec CSX550"},"content":{"rendered":"","protected":false},"excerpt":{"rendered":"<p>-Scaner format A0 cu rezolu\u021bie optic\u0103 de 1200 dpi, culori precise \u0219i debit mare<br \/>-Motor de scanare avansat de lux<br \/>-Scanare de mare vitez\u0103<br \/>-Imagine de lux din via\u021ba real\u0103, cu reproducere \u00eembun\u0103t\u0103\u021bit\u0103 a culorilor, calitate a imaginii \u0219i reducerea imaginilor fantom\u0103<br \/>-Spa\u021biu de culoare acceptat compatibil cu Adobe\u00ae RGB<br \/>-Modul de scanare gri \u00eembun\u0103t\u0103\u021bit<br \/>-Max. l\u0103\u021bime de scanare: A0 (932 mm)<br \/>-Max. lungime de scanare: 1000 m<br \/>-Detectare automat\u0103 a dimensiunii suportului pentru dimensiuni standard<br \/>-Max. grosime suport: 1,6 mm<br \/>-Rezolu\u021bie optic\u0103: 1200 dpi<br \/>-Rezolu\u021bie interpolat\u0103: p\u00e2n\u0103 la 9600 dpi<br \/>-Conectivitate: USB 2.0 (vitez\u0103 mare),LAN (10BASE-T\/100BASE-TX\/1000BASE-T)<br \/>-Viteza de scanare: 15 sec (A0, 400 dpi, color)<\/p>\n<p><span style=\"color: #ff0000;font-weight: bold;\">Disponibil la precomanda<\/span><\/p>\n","protected":false},"featured_media":20569,"comment_status":"open","ping_status":"closed","template":"","meta":[],"product_brand":[],"product_cat":[934],"product_tag":[910],"class_list":{"0":"post-20573","1":"product","2":"type-product","3":"status-publish","4":"has-post-thumbnail","6":"product_cat-misc","7":"product_tag-graphtec","9":"first","10":"onbackorder","11":"shipping-taxable","12":"purchasable","13":"product-type-simple"},"_links":{"self":[{"href":"https:\/\/www.inprint.md\/rou\/wp-json\/wp\/v2\/product\/20573","targetHints":{"allow":["GET"]}}],"collection":[{"href":"https:\/\/www.inprint.md\/rou\/wp-json\/wp\/v2\/product"}],"about":[{"href":"https:\/\/www.inprint.md\/rou\/wp-json\/wp\/v2\/types\/product"}],"replies":[{"embeddable":true,"href":"https:\/\/www.inprint.md\/rou\/wp-json\/wp\/v2\/comments?post=20573"}],"wp:featuredmedia":[{"embeddable":true,"href":"https:\/\/www.inprint.md\/rou\/wp-json\/wp\/v2\/media\/20569"}],"wp:attachment":[{"href":"https:\/\/www.inprint.md\/rou\/wp-json\/wp\/v2\/media?parent=20573"}],"wp:term":[{"taxonomy":"product_brand","embeddable":true,"href":"https:\/\/www.inprint.md\/rou\/wp-json\/wp\/v2\/product_brand?post=20573"},{"taxonomy":"product_cat","embeddable":true,"href":"https:\/\/www.inprint.md\/rou\/wp-json\/wp\/v2\/product_cat?post=20573"},{"taxonomy":"product_tag","embeddable":true,"href":"https:\/\/www.inprint.md\/rou\/wp-json\/wp\/v2\/product_tag?post=20573"}],"curies":[{"name":"wp","href":"https:\/\/api.w.org\/{rel}","templated":true}]}}