{"id":25295,"date":"2023-11-08T15:09:19","date_gmt":"2023-11-08T13:09:19","guid":{"rendered":"https:\/\/www.inprint.md\/?post_type=product&#038;p=25295"},"modified":"2026-05-08T10:59:21","modified_gmt":"2026-05-08T07:59:21","slug":"4print-matt-100g-sublimation-a3","status":"publish","type":"product","link":"https:\/\/www.inprint.md\/rou\/product\/4print-matt-100g-sublimation-a3\/","title":{"rendered":"Hartie pentru sublimare 4Print 100g A3"},"content":{"rendered":"","protected":false},"excerpt":{"rendered":"<p><span style=\"font-weight: bold;\">Denumire<\/span>: Hartie pentru sublimare<br \/><span style=\"font-weight: bold;\">Suprafata hirtiei<\/span>: Mata (sublimare)<br \/><span style=\"font-weight: bold;\">Densitate<\/span>: 100 g\/m2<br \/><span style=\"font-weight: bold;\">Format<\/span>: A3<br \/><span style=\"font-weight: bold;\">Tip<\/span>: Cast Coated<br \/><span style=\"font-weight: bold;\">Folosit cu cerneal\u0103<\/span>: Sublimare<br \/><span style=\"font-weight: bold;\">Cantitate per pachet<\/span>: 100 buc<br \/>H\u00e2rtia de sublimare ac\u021bioneaz\u0103 ca un suport care transfer\u0103 o imagine de la o imprimant\u0103 de sublimare pe suprafa\u021ba diferitelor materiale prin transfer termic.<\/p>\n","protected":false},"featured_media":28857,"comment_status":"open","ping_status":"closed","template":"","meta":[],"product_brand":[],"product_cat":[1149],"product_tag":[],"class_list":{"0":"post-25295","1":"product","2":"type-product","3":"status-publish","4":"has-post-thumbnail","6":"product_cat-sublimation_paper","8":"first","9":"instock","10":"shipping-taxable","11":"purchasable","12":"product-type-simple"},"_links":{"self":[{"href":"https:\/\/www.inprint.md\/rou\/wp-json\/wp\/v2\/product\/25295","targetHints":{"allow":["GET"]}}],"collection":[{"href":"https:\/\/www.inprint.md\/rou\/wp-json\/wp\/v2\/product"}],"about":[{"href":"https:\/\/www.inprint.md\/rou\/wp-json\/wp\/v2\/types\/product"}],"replies":[{"embeddable":true,"href":"https:\/\/www.inprint.md\/rou\/wp-json\/wp\/v2\/comments?post=25295"}],"wp:featuredmedia":[{"embeddable":true,"href":"https:\/\/www.inprint.md\/rou\/wp-json\/wp\/v2\/media\/28857"}],"wp:attachment":[{"href":"https:\/\/www.inprint.md\/rou\/wp-json\/wp\/v2\/media?parent=25295"}],"wp:term":[{"taxonomy":"product_brand","embeddable":true,"href":"https:\/\/www.inprint.md\/rou\/wp-json\/wp\/v2\/product_brand?post=25295"},{"taxonomy":"product_cat","embeddable":true,"href":"https:\/\/www.inprint.md\/rou\/wp-json\/wp\/v2\/product_cat?post=25295"},{"taxonomy":"product_tag","embeddable":true,"href":"https:\/\/www.inprint.md\/rou\/wp-json\/wp\/v2\/product_tag?post=25295"}],"curies":[{"name":"wp","href":"https:\/\/api.w.org\/{rel}","templated":true}]}}