{"id":27500,"date":"2024-04-01T16:03:38","date_gmt":"2024-04-01T13:03:38","guid":{"rendered":"https:\/\/www.inprint.md\/ru\/?post_type=product&#038;p=27500"},"modified":"2025-11-27T14:58:41","modified_gmt":"2025-11-27T12:58:41","slug":"roland-dgxpress-er-641","status":"publish","type":"product","link":"https:\/\/www.inprint.md\/rou\/product\/roland-dgxpress-er-641\/","title":{"rendered":"Eco Solvent Printer Roland DGXPRESS ER-641"},"content":{"rendered":"","protected":false},"excerpt":{"rendered":"<p><span style=\"font-weight: bold;\">Model<\/span>: Eco Solvent Printer Roland DGXPRESS ER-641<br \/><span style=\"font-weight: bold;\">Viteza de imprimare<\/span>: 43,5 m2\/h<br \/><span style=\"font-weight: bold;\">L\u0103\u021bimea materialului<\/span>: De la 259 la 1625 mm<br \/><span style=\"font-weight: bold;\">Grosimea materialului<\/span>: max. 1,0 mm cu suport<br \/><span style=\"font-weight: bold;\">Greutate rola<\/span>: max. 45 kg<br \/><span style=\"font-weight: bold;\">Diametru exterior rola<\/span>: Max. 250 mm<br \/><span style=\"font-weight: bold;\">Diametrul tubului<\/span>: 76,2 mm sau 50,8 mm<br \/><span style=\"font-weight: bold;\">L\u0103\u021bimea de imprimare<\/span>: max. 1615 mm<br \/><span style=\"font-weight: bold;\">Tip cerneal\u0103<\/span>: Cerneal\u0103 eco-solvent (D-EA), cartu\u015f de 500 ml<br \/><span style=\"font-weight: bold;\">Culori de cerneal\u0103<\/span>: Patru culori CMYK  (cyan, magenta, galben \u0219i negru)<br \/><span style=\"font-weight: bold;\">Rezolu\u021bie de imprimare<\/span>: max. 1200 dpi<br \/><span style=\"font-weight: bold;\">Conectivitate<\/span>: Ethernet (100BASE-TX\/1000BASE-T, comutare automat\u0103)<br \/><span style=\"font-weight: bold;\">Func\u021bia de economisire a energiei<\/span>: Func\u021bia de repaus automat<br \/><span style=\"font-weight: bold;\">Cerin\u021be de alimentare<\/span>: 220-240 V, 50\/60 Hz, 4,5 A<br \/><span style=\"font-weight: bold;\">Consumul de energie \u00een timpul func\u021bion\u0103rii<\/span>: Aprox. 1180 W<br \/><span style=\"font-weight: bold;\">Consumul de energie \u00een modul repaus<\/span>: Aprox. 50 W<br \/><span style=\"font-weight: bold;\">Nivelul de zgomot acustic \u00een timpul func\u021bion\u0103rii<\/span>: 66 dB(A) sau mai pu\u021bin<br \/><span style=\"font-weight: bold;\">Nivelul de zgomot acustic \u00een modul de a\u0219teptare<\/span>: 53 dB(A) sau mai pu\u021bin<br \/><span style=\"font-weight: bold;\">Dimensiuni<\/span>: 2886 mm \u00d7 748 mm \u00d7 1415 mm<br \/><span style=\"font-weight: bold;\">Greutate<\/span>: 185 kg<br \/><span style=\"font-weight: bold;\">Articole incluse<\/span>: Suport special, cabluri de alimentare, unitate de preluare a materialului, suporturi pentru materiale, lam\u0103 de rezerv\u0103 pentru cu\u021bit de t\u0103iat, sticl\u0103 de lichid de cur\u0103\u021bare pentru \u00eentre\u021binere, sticl\u0103 de scurgere, manual de instruc\u021biuni, software (VersaWorks, Roland DG Connect)  <span>Cartu\u0219e nu sunt incluse<\/span><\/p>\n<p><span>Pretul se poate schimba in momentul plasarii comenzii, pentru detalii va rugam sa contactati managerii nostri de vanzari<\/span><\/p>\n","protected":false},"featured_media":27588,"comment_status":"open","ping_status":"closed","template":"","meta":[],"product_brand":[],"product_cat":[969],"product_tag":[1122,1121,1120],"class_list":{"0":"post-27500","1":"product","2":"type-product","3":"status-publish","4":"has-post-thumbnail","6":"product_cat-roland","7":"product_tag-imprimanta-roland","8":"product_tag-printer-roland","9":"product_tag--roland","11":"first","12":"onbackorder","13":"shipping-taxable","14":"purchasable","15":"product-type-simple"},"_links":{"self":[{"href":"https:\/\/www.inprint.md\/rou\/wp-json\/wp\/v2\/product\/27500","targetHints":{"allow":["GET"]}}],"collection":[{"href":"https:\/\/www.inprint.md\/rou\/wp-json\/wp\/v2\/product"}],"about":[{"href":"https:\/\/www.inprint.md\/rou\/wp-json\/wp\/v2\/types\/product"}],"replies":[{"embeddable":true,"href":"https:\/\/www.inprint.md\/rou\/wp-json\/wp\/v2\/comments?post=27500"}],"wp:featuredmedia":[{"embeddable":true,"href":"https:\/\/www.inprint.md\/rou\/wp-json\/wp\/v2\/media\/27588"}],"wp:attachment":[{"href":"https:\/\/www.inprint.md\/rou\/wp-json\/wp\/v2\/media?parent=27500"}],"wp:term":[{"taxonomy":"product_brand","embeddable":true,"href":"https:\/\/www.inprint.md\/rou\/wp-json\/wp\/v2\/product_brand?post=27500"},{"taxonomy":"product_cat","embeddable":true,"href":"https:\/\/www.inprint.md\/rou\/wp-json\/wp\/v2\/product_cat?post=27500"},{"taxonomy":"product_tag","embeddable":true,"href":"https:\/\/www.inprint.md\/rou\/wp-json\/wp\/v2\/product_tag?post=27500"}],"curies":[{"name":"wp","href":"https:\/\/api.w.org\/{rel}","templated":true}]}}