{"id":2932,"date":"2020-04-10T12:24:58","date_gmt":"2020-04-10T09:24:58","guid":{"rendered":"https:\/\/www.inprint.md\/product\/thermal-tape-for-mugs-10mm-33m\/"},"modified":"2026-03-26T16:38:18","modified_gmt":"2026-03-26T14:38:18","slug":"thermal-tape-for-mugs-10mm-33m","status":"publish","type":"product","link":"https:\/\/www.inprint.md\/rou\/product\/thermal-tape-for-mugs-10mm-33m\/","title":{"rendered":"Banda termica pentru cani 10mm*33m"},"content":{"rendered":"","protected":false},"excerpt":{"rendered":"<p><span style=\"font-weight: bold;\">Material<\/span>: Poliimida, silicon<br \/><span style=\"font-weight: bold;\">Lungime<\/span>: 33m<br \/><span style=\"font-weight: bold;\">Latime<\/span>: 10 mm<br \/><span style=\"font-weight: bold;\">Rezisten\u021b\u0103 la temperatur\u0103<\/span>: pe termen scurt p\u00e2n\u0103 la 260 \u2103, pe termen lung p\u00e2n\u0103 la 220 \u2103<br \/><span style=\"font-weight: bold;\">Descrierea produsului<\/span>: Band\u0103 rezistent\u0103 la c\u0103ldur\u0103 conceput\u0103 pentru a fixa designul \u00een timpul transferului de c\u0103ldur\u0103 pe o pres\u0103 termic\u0103<\/p>\n","protected":false},"featured_media":2951,"comment_status":"open","ping_status":"closed","template":"","meta":[],"product_brand":[],"product_cat":[82],"product_tag":[],"class_list":{"0":"post-2932","1":"product","2":"type-product","3":"status-publish","4":"has-post-thumbnail","6":"product_cat-zip","8":"first","9":"instock","10":"shipping-taxable","11":"purchasable","12":"product-type-simple"},"_links":{"self":[{"href":"https:\/\/www.inprint.md\/rou\/wp-json\/wp\/v2\/product\/2932","targetHints":{"allow":["GET"]}}],"collection":[{"href":"https:\/\/www.inprint.md\/rou\/wp-json\/wp\/v2\/product"}],"about":[{"href":"https:\/\/www.inprint.md\/rou\/wp-json\/wp\/v2\/types\/product"}],"replies":[{"embeddable":true,"href":"https:\/\/www.inprint.md\/rou\/wp-json\/wp\/v2\/comments?post=2932"}],"wp:featuredmedia":[{"embeddable":true,"href":"https:\/\/www.inprint.md\/rou\/wp-json\/wp\/v2\/media\/2951"}],"wp:attachment":[{"href":"https:\/\/www.inprint.md\/rou\/wp-json\/wp\/v2\/media?parent=2932"}],"wp:term":[{"taxonomy":"product_brand","embeddable":true,"href":"https:\/\/www.inprint.md\/rou\/wp-json\/wp\/v2\/product_brand?post=2932"},{"taxonomy":"product_cat","embeddable":true,"href":"https:\/\/www.inprint.md\/rou\/wp-json\/wp\/v2\/product_cat?post=2932"},{"taxonomy":"product_tag","embeddable":true,"href":"https:\/\/www.inprint.md\/rou\/wp-json\/wp\/v2\/product_tag?post=2932"}],"curies":[{"name":"wp","href":"https:\/\/api.w.org\/{rel}","templated":true}]}}