{"id":32119,"date":"2025-01-31T09:10:02","date_gmt":"2025-01-31T07:10:02","guid":{"rendered":"https:\/\/www.inprint.md\/ru\/?post_type=product&#038;p=32119"},"modified":"2026-04-21T14:18:28","modified_gmt":"2026-04-21T11:18:28","slug":"silhouette-cameo-5-white","status":"publish","type":"product","link":"https:\/\/www.inprint.md\/rou\/product\/silhouette-cameo-5-white\/","title":{"rendered":"Plotter de taiere Silhouette Cameo 5 White"},"content":{"rendered":"<p><iframe title=\"Silhouette Cameo 5 \u0420\u0435\u0436\u0443\u0449\u0438\u0439 \u043f\u043b\u043e\u0442\u0442\u0435\u0440. \u041e\u0431\u0437\u043e\u0440 \u0438 \u0440\u0435\u0437\u043a\u0430\" width=\"500\" height=\"281\" src=\"https:\/\/www.youtube.com\/embed\/A3ivpcCu8uQ?feature=oembed\" frameborder=\"0\" allow=\"accelerometer; autoplay; clipboard-write; encrypted-media; gyroscope; picture-in-picture; web-share\" referrerpolicy=\"strict-origin-when-cross-origin\" allowfullscreen><\/iframe><\/p>\n","protected":false},"excerpt":{"rendered":"<p><span style=\"font-weight: bold;\">Tip<\/span>: Plotter de taiere Silhouette Cameo 5 <br \/><span style=\"font-weight: bold;\">Cod<\/span><span style=\"font-weight: normal;\">: SILH-CAMEO-5-WHT-5T<\/span><span style=\"font-weight: bold;\"><br \/>Culoare<\/span>: Alb<br \/><span style=\"font-weight: bold;\">Suprafa\u021ba de t\u0103iere<\/span>: 30,5 x 61 cm cu covora\u0219 de t\u0103iat, 29,5 x 487 cm cu material de suport (c\u00e2nd se folose\u0219te suportul pentru role)<br \/><span style=\"font-weight: bold;\">Viteza de taiere:<\/span> Pana la 400 mm\/s<br \/><span style=\"font-weight: bold;\">Grosimea maxim\u0103 a materialului<\/span>: 3 mm<br \/><span style=\"font-weight: bold;\">For\u021ba maxim\u0103 de t\u0103iere<\/span>: 300 g (suport pentru scule 1) \/ 5000 g (suport pentru scule 2)<br \/><span style=\"font-weight: bold;\">Lungime material<\/span>: P\u00e2n\u0103 la 4,8 m (materiale rulouri cu baz\u0103)<br \/><span style=\"font-weight: bold;\">Nivel de zgomot<\/span>: De la 26,11 la 62,7 dB<br \/><span style=\"font-weight: bold;\">Interfa\u021b\u0103<\/span>: USB 2.0 (vitez\u0103 maxim\u0103) \/ Bluetooth 4.0<br \/><span style=\"font-weight: bold;\">Materiale de t\u0103iat<\/span>: H\u00e2rtie, carton, folie, \u021bes\u0103tur\u0103, transfer termic, p\u00e2sl\u0103 tare, foamiran, PET, folii pentru telefoane, piele, plut\u0103 \u0219i materiale spumante (cu cu\u021bite speciale), etc. Materialele mai sub\u021biri, cum ar fi h\u00e2rtia absorbant\u0103 \u0219i h\u00e2rtia decoupage, pot fi acum t\u0103iate mai u\u0219or \u0219i pute\u021bi imprima \u0219i t\u0103ia cu u\u0219urin\u021b\u0103 toate materialele, chiar \u0219i cele cu o suprafa\u021b\u0103 metalic\u0103 sau lucioas\u0103.<br \/><span style=\"font-weight: bold;\">Software<\/span>: Silhouette Studio 4.5.700 sau o versiune superioar\u0103<br \/><span style=\"font-weight: bold;\">Cerin\u021be minime de sistem<\/span>: Windows 10 sau o versiune ulterioar\u0103, macOS X 11 sau o versiune ulterioar\u0103<br \/><span style=\"font-weight: bold;\">Dimensiuni<\/span>: 56,6 x 17,6 x 12,4 cm<br \/><span style=\"font-weight: bold;\">Complectatia<\/span>: Plotter de t\u0103iere Silhouette Cameo\u00ae 5, cablu de alimentare, covora\u0219 de t\u0103iat adeziv, cu\u021bit automat, instrument de reglare a lamei, alimentator cu role, software Silhouette Studio\u00ae (desc\u0103rcabil de pe site-ul produc\u0103torului), 100 de modele exclusive (disponibile la \u00eenregistrare), 1 lun\u0103 abonament la Silhouette Design Store (disponibil la \u00eenregistrare), <span style=\"font-style: italic;font-weight: bold;\">cablul USB nu este inclus<\/span><\/p>\n","protected":false},"featured_media":32135,"comment_status":"open","ping_status":"closed","template":"","meta":[],"product_brand":[],"product_cat":[81],"product_tag":[],"class_list":{"0":"post-32119","1":"product","2":"type-product","3":"status-publish","4":"has-post-thumbnail","6":"product_cat-cutting-plotters","8":"first","9":"instock","10":"sale","11":"shipping-taxable","12":"purchasable","13":"product-type-simple"},"_links":{"self":[{"href":"https:\/\/www.inprint.md\/rou\/wp-json\/wp\/v2\/product\/32119","targetHints":{"allow":["GET"]}}],"collection":[{"href":"https:\/\/www.inprint.md\/rou\/wp-json\/wp\/v2\/product"}],"about":[{"href":"https:\/\/www.inprint.md\/rou\/wp-json\/wp\/v2\/types\/product"}],"replies":[{"embeddable":true,"href":"https:\/\/www.inprint.md\/rou\/wp-json\/wp\/v2\/comments?post=32119"}],"wp:featuredmedia":[{"embeddable":true,"href":"https:\/\/www.inprint.md\/rou\/wp-json\/wp\/v2\/media\/32135"}],"wp:attachment":[{"href":"https:\/\/www.inprint.md\/rou\/wp-json\/wp\/v2\/media?parent=32119"}],"wp:term":[{"taxonomy":"product_brand","embeddable":true,"href":"https:\/\/www.inprint.md\/rou\/wp-json\/wp\/v2\/product_brand?post=32119"},{"taxonomy":"product_cat","embeddable":true,"href":"https:\/\/www.inprint.md\/rou\/wp-json\/wp\/v2\/product_cat?post=32119"},{"taxonomy":"product_tag","embeddable":true,"href":"https:\/\/www.inprint.md\/rou\/wp-json\/wp\/v2\/product_tag?post=32119"}],"curies":[{"name":"wp","href":"https:\/\/api.w.org\/{rel}","templated":true}]}}