{"id":35703,"date":"2025-09-24T16:09:54","date_gmt":"2025-09-24T13:09:54","guid":{"rendered":"https:\/\/www.inprint.md\/ru\/?post_type=product&#038;p=35703"},"modified":"2026-02-12T07:54:02","modified_gmt":"2026-02-12T05:54:02","slug":"sticker-paper-scratch-off-silver","status":"publish","type":"product","link":"https:\/\/www.inprint.md\/rou\/product\/sticker-paper-scratch-off-silver\/","title":{"rendered":"Hirtie adeziva argintie Scratch-Off Silhouette"},"content":{"rendered":"","protected":false},"excerpt":{"rendered":"<p><span style=\"font-weight: bold;\">Tip<\/span>: Hirtie adeziva argintie Scratch-Off Silhouette<br \/><span style=\"font-weight: bold;\">Model<\/span>: MEDIA-SCRATCH-SVR<br \/><span style=\"font-weight: bold;\">Complectatia<\/span>: 5 foi<br \/><span style=\"font-weight: bold;\">Culoarea suprafe\u021bei<\/span>: Argintie (poate fi razuita pentru a dezv\u0103lui stratul de pelicula transparent\u0103)<br \/><span style=\"font-weight: bold;\">Utilizare<\/span>: Foi de autocolante \u0219terg\u0103toare au un suport adeziv cu un strat opac. Pur \u0219i simplu imprima\u021bi textul pe care dori\u021bi s\u0103 \u00eel ascunde\u021bi temporar pe o foaie obi\u0219nuit\u0103 de h\u00e2rtie (sau alt material), apoi lipi\u021bi textul \u0219terg\u0103tor decupat din foaie peste textul imprimat.Textul tastat va r\u0103m\u00e2ne ascuns p\u00e2n\u0103 c\u00e2nd \u0219terge\u021bi sec\u021biunea opac\u0103 pentru a dezv\u0103lui mesajul. Excelent pentru crearea de jocuri, materiale promo\u021bionale sau surprize care pot fi ascunse p\u00e2n\u0103 c\u00e2nd sunte\u021bi gata s\u0103 le vede\u021bi.<\/p>\n","protected":false},"featured_media":35720,"comment_status":"open","ping_status":"closed","template":"","meta":[],"product_brand":[],"product_cat":[1182],"product_tag":[],"class_list":{"0":"post-35703","1":"product","2":"type-product","3":"status-publish","4":"has-post-thumbnail","6":"product_cat-silh-media","8":"first","9":"outofstock","10":"shipping-taxable","11":"purchasable","12":"product-type-simple"},"_links":{"self":[{"href":"https:\/\/www.inprint.md\/rou\/wp-json\/wp\/v2\/product\/35703","targetHints":{"allow":["GET"]}}],"collection":[{"href":"https:\/\/www.inprint.md\/rou\/wp-json\/wp\/v2\/product"}],"about":[{"href":"https:\/\/www.inprint.md\/rou\/wp-json\/wp\/v2\/types\/product"}],"replies":[{"embeddable":true,"href":"https:\/\/www.inprint.md\/rou\/wp-json\/wp\/v2\/comments?post=35703"}],"wp:featuredmedia":[{"embeddable":true,"href":"https:\/\/www.inprint.md\/rou\/wp-json\/wp\/v2\/media\/35720"}],"wp:attachment":[{"href":"https:\/\/www.inprint.md\/rou\/wp-json\/wp\/v2\/media?parent=35703"}],"wp:term":[{"taxonomy":"product_brand","embeddable":true,"href":"https:\/\/www.inprint.md\/rou\/wp-json\/wp\/v2\/product_brand?post=35703"},{"taxonomy":"product_cat","embeddable":true,"href":"https:\/\/www.inprint.md\/rou\/wp-json\/wp\/v2\/product_cat?post=35703"},{"taxonomy":"product_tag","embeddable":true,"href":"https:\/\/www.inprint.md\/rou\/wp-json\/wp\/v2\/product_tag?post=35703"}],"curies":[{"name":"wp","href":"https:\/\/api.w.org\/{rel}","templated":true}]}}