{"id":35705,"date":"2025-09-24T16:11:22","date_gmt":"2025-09-24T13:11:22","guid":{"rendered":"https:\/\/www.inprint.md\/ru\/?post_type=product&#038;p=35705"},"modified":"2026-02-12T07:54:02","modified_gmt":"2026-02-12T05:54:02","slug":"sticker-paper-kraft","status":"publish","type":"product","link":"https:\/\/www.inprint.md\/rou\/product\/sticker-paper-kraft\/","title":{"rendered":"Hartia kraft autoadeziva Silhouette"},"content":{"rendered":"","protected":false},"excerpt":{"rendered":"<p><span style=\"font-weight: bold;\">Tip<\/span>: Hartia kraft autoadeziva Silhouette<br \/><span style=\"font-weight: bold;\">Model<\/span>: MEDIA-KFT-ADH-3T<br \/><span style=\"font-weight: bold;\">Complectatia<\/span>: 8 foi<br \/><span style=\"font-weight: bold;\">Dimensiune<\/span>: 21,6 x 27,9 cm<br \/><span style=\"font-weight: bold;\">Grosime<\/span>: 0,3 mm<br \/><span style=\"font-weight: bold;\">Utilizare<\/span>: H\u00e2rtie kraft pentru crearea de autocolante, etichete, pl\u0103cu\u021be etc. frumoase, cu aspect natural. Cu propriul strat adeziv. Se taie u\u0219or cu plotterele Silhouette. Poate fi utilizat\u0103 cu sau f\u0103r\u0103 imprimare.<\/p>\n","protected":false},"featured_media":35725,"comment_status":"open","ping_status":"closed","template":"","meta":[],"product_brand":[],"product_cat":[1182],"product_tag":[],"class_list":{"0":"post-35705","1":"product","2":"type-product","3":"status-publish","4":"has-post-thumbnail","6":"product_cat-silh-media","8":"first","9":"instock","10":"shipping-taxable","11":"purchasable","12":"product-type-simple"},"_links":{"self":[{"href":"https:\/\/www.inprint.md\/rou\/wp-json\/wp\/v2\/product\/35705","targetHints":{"allow":["GET"]}}],"collection":[{"href":"https:\/\/www.inprint.md\/rou\/wp-json\/wp\/v2\/product"}],"about":[{"href":"https:\/\/www.inprint.md\/rou\/wp-json\/wp\/v2\/types\/product"}],"replies":[{"embeddable":true,"href":"https:\/\/www.inprint.md\/rou\/wp-json\/wp\/v2\/comments?post=35705"}],"wp:featuredmedia":[{"embeddable":true,"href":"https:\/\/www.inprint.md\/rou\/wp-json\/wp\/v2\/media\/35725"}],"wp:attachment":[{"href":"https:\/\/www.inprint.md\/rou\/wp-json\/wp\/v2\/media?parent=35705"}],"wp:term":[{"taxonomy":"product_brand","embeddable":true,"href":"https:\/\/www.inprint.md\/rou\/wp-json\/wp\/v2\/product_brand?post=35705"},{"taxonomy":"product_cat","embeddable":true,"href":"https:\/\/www.inprint.md\/rou\/wp-json\/wp\/v2\/product_cat?post=35705"},{"taxonomy":"product_tag","embeddable":true,"href":"https:\/\/www.inprint.md\/rou\/wp-json\/wp\/v2\/product_tag?post=35705"}],"curies":[{"name":"wp","href":"https:\/\/api.w.org\/{rel}","templated":true}]}}