{"id":363,"date":"2020-03-22T12:10:06","date_gmt":"2020-03-22T09:10:06","guid":{"rendered":"https:\/\/www.inprint.md\/?post_type=product&#038;p=363"},"modified":"2026-04-08T15:22:12","modified_gmt":"2026-04-08T12:22:12","slug":"roly-atomic-150","status":"publish","type":"product","link":"https:\/\/www.inprint.md\/rou\/product\/roly-atomic-150\/","title":{"rendered":"Roly Atomic 150"},"content":{"rendered":"<p>Tricou Roly Atomic 150 cu m\u00e2nec\u0103 scurt\u0103, guler rotund dublu. Cu band\u0103 \u00eent\u0103rit\u0103 pentru acoperirea cus\u0103turii la guler \u0219i umeri, material tubular.<br \/>\nTricou basic de ne\u00eenlocuit \u00een orice dulap, ce nu poate lipsi din look-ul t\u0103u.<\/p>\n<table border=\"1\" cellspacing=\"1\" cellpadding=\"4\" align=\"center\">\n<caption>Informatii tehnice suplimentare asupra produsului<\/caption>\n<tbody>\n<tr>\n<td style=\"text-align: center;\">Marimi<\/td>\n<td style=\"text-align: center;\">Masuri<br \/>\n(Latime\/Lungime)<\/td>\n<td style=\"text-align: center;\">Bucati<br \/>\npachet<\/td>\n<td style=\"text-align: center;\">Bucati<br \/>\ncutie<\/td>\n<\/tr>\n<tr>\n<td style=\"text-align: center;\"><strong>XS<\/strong><\/td>\n<td style=\"text-align: center;\"><strong>[46cm\/67cm]<\/strong><\/td>\n<td style=\"text-align: center;\">10<\/td>\n<td style=\"text-align: center;\">100<\/td>\n<\/tr>\n<tr>\n<td style=\"text-align: center;\"><strong>S<\/strong><\/td>\n<td style=\"text-align: center;\"><strong>[48cm\/69cm]<\/strong><\/td>\n<td style=\"text-align: center;\">10<\/td>\n<td style=\"text-align: center;\">100<\/td>\n<\/tr>\n<tr>\n<td style=\"text-align: center;\"><strong>M<\/strong><\/td>\n<td style=\"text-align: center;\"><strong>[50cm\/71cm]<\/strong><\/td>\n<td style=\"text-align: center;\">10<\/td>\n<td style=\"text-align: center;\">100<\/td>\n<\/tr>\n<tr>\n<td style=\"text-align: center;\"><strong>L<\/strong><\/td>\n<td style=\"text-align: center;\"><strong>[54cm\/73cm]<\/strong><\/td>\n<td style=\"text-align: center;\">10<\/td>\n<td style=\"text-align: center;\">100<\/td>\n<\/tr>\n<tr>\n<td style=\"text-align: center;\"><strong>XL<\/strong><\/td>\n<td style=\"text-align: center;\"><strong>[58cm\/75cm]<\/strong><\/td>\n<td style=\"text-align: center;\">10<\/td>\n<td style=\"text-align: center;\">100<\/td>\n<\/tr>\n<tr>\n<td style=\"text-align: center;\"><strong>XXL<\/strong><\/td>\n<td style=\"text-align: center;\"><strong>[62cm\/77cm]<\/strong><\/td>\n<td style=\"text-align: center;\">10<\/td>\n<td style=\"text-align: center;\">100<\/td>\n<\/tr>\n<\/tbody>\n<\/table>\n","protected":false},"excerpt":{"rendered":"<p><strong>Compozi\u021bie<\/strong><br \/>\n100% bumbac, punct neted, 150 g\/m\u00b2.<\/p>\n<p><strong>Comentarii<\/strong><br \/>\nCuloarea gri melanj 58: 85% bumbac \/ 15% v\u00e2scoz\u0103. Calitatea \u0219i culorile acestui model nu respect\u0103 standardele proprii ale m\u0103rcii.<\/p>\n<p><strong>Ambalare<\/strong><br \/>\nPachet 10 unit\u0103\u021bi , Cutie 100 unit\u0103\u021bi<\/p>\n<p><strong>M\u0103rimi<\/strong><br \/>\nAdul\u021bi S, M, L, XL, XXL, XXXL, XXXXL<\/p>\n","protected":false},"featured_media":885,"comment_status":"open","ping_status":"closed","template":"","meta":[],"product_brand":[],"product_cat":[348,18],"product_tag":[],"class_list":{"0":"post-363","1":"product","2":"type-product","3":"status-publish","4":"has-post-thumbnail","6":"product_cat-textile","7":"product_cat-t-shirts","9":"first","10":"instock","11":"shipping-taxable","12":"purchasable","13":"product-type-variable"},"_links":{"self":[{"href":"https:\/\/www.inprint.md\/rou\/wp-json\/wp\/v2\/product\/363","targetHints":{"allow":["GET"]}}],"collection":[{"href":"https:\/\/www.inprint.md\/rou\/wp-json\/wp\/v2\/product"}],"about":[{"href":"https:\/\/www.inprint.md\/rou\/wp-json\/wp\/v2\/types\/product"}],"replies":[{"embeddable":true,"href":"https:\/\/www.inprint.md\/rou\/wp-json\/wp\/v2\/comments?post=363"}],"wp:featuredmedia":[{"embeddable":true,"href":"https:\/\/www.inprint.md\/rou\/wp-json\/wp\/v2\/media\/885"}],"wp:attachment":[{"href":"https:\/\/www.inprint.md\/rou\/wp-json\/wp\/v2\/media?parent=363"}],"wp:term":[{"taxonomy":"product_brand","embeddable":true,"href":"https:\/\/www.inprint.md\/rou\/wp-json\/wp\/v2\/product_brand?post=363"},{"taxonomy":"product_cat","embeddable":true,"href":"https:\/\/www.inprint.md\/rou\/wp-json\/wp\/v2\/product_cat?post=363"},{"taxonomy":"product_tag","embeddable":true,"href":"https:\/\/www.inprint.md\/rou\/wp-json\/wp\/v2\/product_tag?post=363"}],"curies":[{"name":"wp","href":"https:\/\/api.w.org\/{rel}","templated":true}]}}