{"id":38568,"date":"2026-04-21T11:09:41","date_gmt":"2026-04-21T08:09:41","guid":{"rendered":"https:\/\/www.inprint.md\/ru\/?post_type=product&#038;p=38568"},"modified":"2026-04-21T14:20:14","modified_gmt":"2026-04-21T11:20:14","slug":"dnp-rx1hs-1520-700","status":"publish","type":"product","link":"https:\/\/www.inprint.md\/rou\/product\/dnp-rx1hs-1520-700\/","title":{"rendered":"Media DNP RX1HS 15*20 700 printuri"},"content":{"rendered":"","protected":false},"excerpt":{"rendered":"<p><span style=\"font-weight: bold;\">Tip<\/span>: Media DNP RX1HS 15*20 700 printuri<br \/><span style=\"font-weight: bold;\">Cod producator<\/span>: 102115<br \/><span style=\"font-weight: bold;\">Imprimante acceptate<\/span>: RX1HS <br \/><span style=\"font-weight: bold;\">Suprafa\u021b\u0103 maxim\u0103 imprimabil\u0103<\/span>: 152 x 203 mm<br \/><span style=\"font-weight: bold;\">Capacitate rol\u0103<\/span>: 700 de imprim\u0103ri (15&#215;20)<br \/><span style=\"font-weight: bold;\">Suprafa\u021b\u0103 suport<\/span>: Lucioas\u0103 sau mata (op\u021biune \u00een driver)<br \/><span style=\"font-weight: bold;\">Textur\u0103 suport<\/span>: Neted\u0103 sau lucioas\u0103 (op\u021biune \u00een driver)<br \/><span style=\"font-weight: bold;\">Gramataj suport<\/span>: 205 g\/m2<\/p>\n","protected":false},"featured_media":38569,"comment_status":"open","ping_status":"closed","template":"","meta":[],"product_brand":[],"product_cat":[1172],"product_tag":[],"class_list":{"0":"post-38568","1":"product","2":"type-product","3":"status-publish","4":"has-post-thumbnail","6":"product_cat-dnp","8":"first","9":"instock","10":"shipping-taxable","11":"purchasable","12":"product-type-simple"},"_links":{"self":[{"href":"https:\/\/www.inprint.md\/rou\/wp-json\/wp\/v2\/product\/38568","targetHints":{"allow":["GET"]}}],"collection":[{"href":"https:\/\/www.inprint.md\/rou\/wp-json\/wp\/v2\/product"}],"about":[{"href":"https:\/\/www.inprint.md\/rou\/wp-json\/wp\/v2\/types\/product"}],"replies":[{"embeddable":true,"href":"https:\/\/www.inprint.md\/rou\/wp-json\/wp\/v2\/comments?post=38568"}],"wp:featuredmedia":[{"embeddable":true,"href":"https:\/\/www.inprint.md\/rou\/wp-json\/wp\/v2\/media\/38569"}],"wp:attachment":[{"href":"https:\/\/www.inprint.md\/rou\/wp-json\/wp\/v2\/media?parent=38568"}],"wp:term":[{"taxonomy":"product_brand","embeddable":true,"href":"https:\/\/www.inprint.md\/rou\/wp-json\/wp\/v2\/product_brand?post=38568"},{"taxonomy":"product_cat","embeddable":true,"href":"https:\/\/www.inprint.md\/rou\/wp-json\/wp\/v2\/product_cat?post=38568"},{"taxonomy":"product_tag","embeddable":true,"href":"https:\/\/www.inprint.md\/rou\/wp-json\/wp\/v2\/product_tag?post=38568"}],"curies":[{"name":"wp","href":"https:\/\/api.w.org\/{rel}","templated":true}]}}