{"id":38640,"date":"2026-04-27T10:33:16","date_gmt":"2026-04-27T07:33:16","guid":{"rendered":"https:\/\/www.inprint.md\/ru\/?post_type=product&#038;p=38640"},"modified":"2026-04-29T11:31:30","modified_gmt":"2026-04-29T08:31:30","slug":"usb-c-c-60w-1m-ep-da705-white-samsung","status":"publish","type":"product","link":"https:\/\/www.inprint.md\/rou\/product\/usb-c-c-60w-1m-ep-da705-white-samsung\/","title":{"rendered":"Cablu USB Type-C to Type-C 60W Samsung"},"content":{"rendered":"","protected":false},"excerpt":{"rendered":"<p><span style=\"font-weight: bold;\">Tip<\/span>: Cablu USB Type-C to Type-C Samsung<br \/><span style=\"font-weight: bold;\">Model<\/span>: EP-DA705<br \/><span style=\"font-weight: bold;\">Interfa\u021b\u0103 st\u00e2ng\u0103<\/span>: USB Type-C<br \/><span style=\"font-weight: bold;\">Interfa\u021b\u0103 dreapt\u0103<\/span>: USB Type-C<br \/><span style=\"font-weight: bold;\">Lungime cablu<\/span>: 1 m<br \/><span style=\"font-weight: bold;\">Culoare<\/span>: Alb<br \/><span style=\"font-weight: bold;\">Putere maxim\u0103 de \u00eenc\u0103rcare<\/span>: 60W<\/p>\n","protected":false},"featured_media":38670,"comment_status":"open","ping_status":"closed","template":"","meta":[],"product_brand":[],"product_cat":[1175],"product_tag":[],"class_list":{"0":"post-38640","1":"product","2":"type-product","3":"status-publish","4":"has-post-thumbnail","6":"product_cat-cables","8":"first","9":"instock","10":"shipping-taxable","11":"purchasable","12":"product-type-simple"},"_links":{"self":[{"href":"https:\/\/www.inprint.md\/rou\/wp-json\/wp\/v2\/product\/38640","targetHints":{"allow":["GET"]}}],"collection":[{"href":"https:\/\/www.inprint.md\/rou\/wp-json\/wp\/v2\/product"}],"about":[{"href":"https:\/\/www.inprint.md\/rou\/wp-json\/wp\/v2\/types\/product"}],"replies":[{"embeddable":true,"href":"https:\/\/www.inprint.md\/rou\/wp-json\/wp\/v2\/comments?post=38640"}],"wp:featuredmedia":[{"embeddable":true,"href":"https:\/\/www.inprint.md\/rou\/wp-json\/wp\/v2\/media\/38670"}],"wp:attachment":[{"href":"https:\/\/www.inprint.md\/rou\/wp-json\/wp\/v2\/media?parent=38640"}],"wp:term":[{"taxonomy":"product_brand","embeddable":true,"href":"https:\/\/www.inprint.md\/rou\/wp-json\/wp\/v2\/product_brand?post=38640"},{"taxonomy":"product_cat","embeddable":true,"href":"https:\/\/www.inprint.md\/rou\/wp-json\/wp\/v2\/product_cat?post=38640"},{"taxonomy":"product_tag","embeddable":true,"href":"https:\/\/www.inprint.md\/rou\/wp-json\/wp\/v2\/product_tag?post=38640"}],"curies":[{"name":"wp","href":"https:\/\/api.w.org\/{rel}","templated":true}]}}